e remainder when 2135229 is divided by 194073?
426
What is the remainder when 96523548 is divided by 5453?
5448
Calculate the remainder when 92820 is divided by 170.
0
Calculate the remainder when 707386 is divided by 11596.
30
Calculate the remainder when 12188 is divided by 145.
8
What is the remainder when 431050031 is divided by 54?
53
Calculate the remainder when 734369 is divided by 61180.
209
What is the remainder when 260988 is divided by 86917?
237
What is the remainder when 950846 is divided by 1857?
62
Calculate the remainder when 243399 is divided by 149.
82
Calculate the remainder when 1471543 is divided by 122628.
7
Calculate the remainder when 12339477 is divided by 1371050.
27
What is the remainder when 681381 is divided by 94?
69
What is the remainder when 275540 is divided by 89?
85
Calculate the remainder when 697081 is divided by 139376.
201
Calculate the remainder when 594828 is divided by 297327.
174
Calculate the remainder when 4108186 is divided by 2054059.
68
Calculate the remainder when 158534886 is divided by 98.
90
What is the remainder when 22793523 is divided by 13?
12
Calculate the remainder when 3942663 is divided by 262844.
3
Calculate the remainder when 29586 is divided by 288.
210
What is the remainder when 60699 is divided by 1319?
25
Calculate the remainder when 4635843 is divided by 4635494.
349
Calculate the remainder when 47738687 is divided by 8761.
8759
What is the remainder when 57822 is divided by 1292?
974
Calculate the remainder when 448668 is divided by 802.
350
What is the remainder when 49878 is divided by 456?
174
Calculate the remainder when 3746574 is divided by 175.
174
What is the remainder when 69223 is divided by 1010?
543
Calculate the remainder when 81116639 is divided by 66.
65
What is the remainder when 36739950 is divided by 289?
247
What is the remainder when 468705 is divided by 299?
172
What is the remainder when 4490962 is divided by 55?
47
Calculate the remainder when 624785 is divided by 699.
578
Calculate the remainder when 16288672 is divided by 266.
162
Calculate the remainder when 121052 is divided by 2571.
215
What is the remainder when 217023 is divided by 122?
107
Calculate the remainder when 18441575 is divided by 635916.
11
Calculate the remainder when 6520005 is divided by 3259878.
249
Calculate the remainder when 1590279 is divided by 27.
6
Calculate the remainder when 1071152 is divided by 357014.
110
Calculate the remainder when 95279 is divided by 6647.
2221
What is the remainder when 114109638 is divided by 213?
0
Calculate the remainder when 73685568 is divided by 2666.
2660
Calculate the remainder when 1891828 is divided by 126120.
28
What is the remainder when 140394564 is divided by 29?
25
Calculate the remainder when 47697131 is divided by 1627.
1626
What is the remainder when 117387 is divided by 3259?
63
What is the remainder when 10169 is divided by 2428?
457
What is the remainder when 2534971 is divided by 14653?
2
Calculate the remainder when 334686 is divided by 111514.
144
Calculate the remainder when 178352 is divided by 59369.
245
What is the remainder when 2084719 is divided by 2575?
1544
What is the remainder when 242642 is divided by 990?
92
What is the remainder when 184029 is divided by 45963?
177
What is the remainder when 13756141 is divided by 94220?
21
Calculate the remainder when 1911002 is divided by 318498.
14
What is the remainder when 15853216 is divided by 2642184?
112
What is the remainder when 3361543 is divided by 165?
163
What is the remainder when 1512812 is divided by 100845?
137
What is the remainder when 11394637 is divided by 316?
309
What is the remainder when 1336334 is divided by 218?
212
What is the remainder when 42441 is divided by 212?
41
What is the remainder when 28697920 is divided by 524?
12
What is the remainder when 415652 is divided by 197?
179
What is the remainder when 602929 is divided by 10217?
126
Calculate the remainder when 18292843 is divided by 6097606.
25
What is the remainder when 160310 is divided by 1407?
1319
Calculate the remainder when 2304826 is divided by 26.
4
What is the remainder when 6185774 is divided by 2719?
49
What is the remainder when 380922 is divided by 194?
100
Calculate the remainder when 12547289 is divided by 6273628.
33
What is the remainder when 554214 is divided by 276915?
384
Calculate the remainder when 193019 is divided by 730.
299
What is the remainder when 41048379 is divided by 1896?
1875
What is the remainder when 439564 is divided by 1096?
68
Calculate the remainder when 1502183 is divided by 187734.
311
What is the remainder when 100019951 is divided by 3226450?
1
What is the remainder when 5650664 is divided by 596?
584
Calculate the remainder when 1546038 is divided by 220854.
60
What is the remainder when 17684643 is divided by 3782?
11
What is the remainder when 3993461 is divided by 966?
17
What is the remainder when 5111936 is divided by 164901?
5
What is the remainder when 184923 is divided by 1226?
1023
Calculate the remainder when 830688 is divided by 414107.
2474
Calculate the remainder when 1821430 is divided by 18567.
1864
What is the remainder when 10171747 is divided by 21?
19
What is the remainder when 24769241 is divided by 56039?
3
Calculate the remainder when 333320 is divided by 66661.
15
What is the remainder when 546758 is divided by 109269?
413
What is the remainder when 591908 is divided by 53?
4
Calculate the remainder when 7798186 is divided by 12.
10
Calculate the remainder when 19205672 is divided by 3130.
3122
Calculate the remainder when 1585369 is divided by 1967.
1934
What is the remainder when 410421 is divided by 230?
101
Calculate the remainder when 13440225 is divided by 4480070.
15
Calculate the remainder when 29392617 is divided by 285.
282
What is the remainder when 332827 is divided by 8738?
783
What is the remainder when 16256408 is divided by 38?
8
Calculate the remainder when 458257 is divided by 152567.
556
Calculate the remainder when 25057266 is divided by 9.
6
What is the remainder when 1704798 is divided by 5792?
1950
What is the remainder when 34200 is divided by 33983?
217
What is the remainder when 21293895 is divided by 10646939?
17
What is the remainder when 214434 is divided by 61?
19
Calculate the remainder when 2712224 is divided by 5176.
0
Calculate the remainder when 44868523 is divided by 214.
213
Calculate the remainder when 3624712 is divided by 1208236.
4
Calculate the remainder when 15267 is divided by 15055.
212
What is the remainder when 17254 is divided by 8573?
108
What is the remainder when 106604 is divided by 2263?
243
What is the remainder when 14077260 is divided by 1759656?
12
Calculate the remainder when 3084732 is divided by 164.
56
What is the remainder when 117675 is divided by 14695?
115
Calculate the remainder when 38209 is divided by 9453.
397
What is the remainder when 330604 is divided by 4408?
4
What is the remainder when 12975291 is divided by 390?
381
What is the remainder when 12748257 is divided by 2?
1
Calculate the remainder when 23600041 is divided by 897.
868
What is the remainder when 1891820 is divided by 145523?
21
What is the remainder when 328296 is divided by 82?
50
Calculate the remainder when 8458731 is divided by 79799.
37
What is the remainder when 1737791 is divided by 5481?
314
Calculate the remainder when 508997 is divided by 20.
17
Calculate the remainder when 1468055 is divided by 1468053.
2
Calculate the remainder when 5296774 is divided by 194.
186
Calculate the remainder when 5576739 is divided by 1319.
7
Calculate the remainder when 1413102 is divided by 1045.
262
Calculate the remainder when 12331530 is divided by 588.
582
What is the remainder when 156904 is divided by 253?
44
What is the remainder when 88681707 is divided by 28?
23
Calculate the remainder when 67038 is divided by 1680.
1518
What is the remainder when 9533402 is divided by 99?
98
Calculate the remainder when 403509469 is divided by 4186.
4185
Calculate the remainder when 2785170 is divided by 3636.
3630
What is the remainder when 259776 is divided by 51955?
1
Calculate the remainder when 135226 is divided by 1669.
37
Calculate the remainder when 21783 is divided by 1814.
15
Calculate th